ppose 4*u - 39 = f. Calculate the greatest common divisor of l and u.
13
Let n(o) = -o**3 + o**2 - 2. Let j be n(-3). Calculate the greatest common factor of 17 and j.
17
Suppose -m + 30 = 18. Calculate the greatest common factor of m and 4.
4
Let x(q) = 7*q - 5. Let g be x(5). What is the greatest common factor of 20 and g?
10
Let g be -1 + 1 - ((-34)/2 + 6). Calculate the highest common factor of g and 99.
11
Let t = 12 + -24. Let r = t + 17. What is the greatest common factor of r and 55?
5
Let c = 78 - 6. Let r(x) = -2*x**3 + 2*x**2 + x. Let l be r(-1). Suppose -l*g + 120 = 2*g. Calculate the highest common factor of c and g.
24
Let z = -14 - -18. Let h be 64 - (z/4 + 1). What is the greatest common factor of 31 and h?
31
Let j(t) = -t**3 + 8*t**2 + 21*t - 7. Let r be j(10). Let d(c) = 2*c - 3. Let m be d(3). What is the greatest common divisor of m and r?
3
Suppose -196 = 23*j - 25*j. Suppose -6 + 4 = 2*o. Let g = 13 - o. Calculate the highest common divisor of j and g.
14
Suppose 3*y = c - 33, 3*c = 2*y - y + 139. Calculate the highest common factor of c and 16.
16
Let f(d) = -4*d - 75. Let t be f(-20). What is the greatest common divisor of t and 5?
5
Let v be (-24)/30*(-1)/(2/35). What is the highest common factor of v and 98?
14
Suppose 0*w + g = -5*w + 120, -g = 3*w - 70. Let n = 20 + w. Calculate the highest common factor of 9 and n.
9
Let q(l) be the first derivative of -l**2/2 - 4*l - 2. Let o be q(-13). Calculate the greatest common factor of o and 45.
9
Let s = -220 + 267. What is the greatest common factor of 94 and s?
47
Let j be 4/3*18/12. What is the greatest common factor of j and 6?
2
Suppose 22*t = 26*t - 12. Let j be 4 + 0/1 - -1. Let s = t + j. What is the greatest common divisor of 56 and s?
8
Let o(z) = 4*z**2 + 3*z + 2. Suppose r + 1 = 2*b + 4, -4*b = 4*r. Let t be -2 + -1 + r + 0. Let k be o(t). Calculate the highest common divisor of 48 and k.
12
Let i = -9 + 4. Let r = i + 10. Suppose r*m + z = 5, -m + 3*m = 2*z + 2. What is the greatest common divisor of m and 11?
1
Let o = 10 + -6. Let i be (-54)/o*2/(-3). Let w(d) = d**2 - 3*d + 5. Let x be w(4). What is the highest common divisor of x and i?
9
Let a = 24 + -7. Calculate the greatest common divisor of a and 68.
17
Suppose -x + 18 + 55 = 0. Let g(w) = w**3 - w**2 + w - 2. Let l be g(5). Let j = l - x. What is the highest common divisor of 10 and j?
10
Let n = -9 + 15. Suppose -12 = -2*a + 36. What is the greatest common divisor of a and n?
6
Let z = -52 + 172. Suppose -2*d + 8 = 0, 2*f + 3*f = -4*d + 26. Suppose 0 = -f*u - 3*x + 54, -2*u = -u - 4*x - 16. What is the highest common factor of u and z?
24
Suppose z + 0*z = 5. Suppose -1 = 2*o + z. Let i be o/(-6) - (-135)/6. Calculate the highest common divisor of 23 and i.
23
Suppose -53*s + 40 = -48*s. Let w be 2/3 + 94/3. Calculate the highest common factor of w and s.
8
Let a = 1 + -1. Suppose -h - 3*h = a. Let i be h + (0 - -1) + 4. What is the highest common factor of 5 and i?
5
Let d = 19 + 11. Let m = -66 + 78. Calculate the greatest common factor of d and m.
6
Suppose 0 = q + 2, 4*y = -y - 5*q. Suppose y*g + n = -2*g + 28, 5*g + 4*n = 46. Calculate the greatest common divisor of 24 and g.
6
Suppose 3*l = -5*q + 43, 0 = l - 0*l + 3*q - 17. What is the highest common divisor of 121 and l?
11
Let c be (-4 + -2)*(-60)/9. What is the highest common factor of 16 and c?
8
Let f = 32 - 17. Suppose q = -4*q + f. What is the highest common factor of 12 and q?
3
Let j(a) = 7*a - 15. Let q be j(5). What is the highest common factor of q and 220?
20
Let s = -6 - -8. Suppose s*d - 4*d = -28. Let b = 14 - -84. What is the greatest common divisor of b and d?
14
Suppose 2*f = x - 9, x = 3*f + f + 13. Suppose 4*y = 4*a - 72, -2*a + 6 = x*y - 2. What is the greatest common divisor of a and 42?
14
Let m(o) = -o**3 + 10*o**2 - 5. Let x be m(10). Let c be (-1)/x - (-387)/15. What is the greatest common factor of 39 and c?
13
Suppose -5*f + 1 + 29 = 0. Suppose -5*s + 5*b + 135 = 0, 5*s - b - 132 = 3*b. What is the highest common factor of f and s?
6
Suppose 0 = 8*q - 4*q - 5*z - 75, 2*z = -q + 9. Suppose 3*c - 164 = 577. Let y = -142 + c. Calculate the greatest common divisor of q and y.
15
Let w be (-18)/(21/(-6) + 2). Suppose -5*n + 8 = -w, 0 = 5*q - 2*n - 7. Let v = 9 - q. What is the highest common divisor of v and 6?
6
Let c(q) be the third derivative of -q**6/120 + 2*q**5/15 - q**4/6 + q**3 + q**2. Let w be c(6). What is the highest common divisor of w and 6?
6
Let l = 8 - 4. Suppose 2*d + 5 = -3*p + 12, -4*d + 8 = l*p. Suppose -1 + 7 = p*x. Calculate the greatest common divisor of x and 16.
2
Suppose 12 = 4*p - 2*p. Let s(q) = q - 7. Let w be s(p). Let m be -8*(-3)/(-2)*w. What is the greatest common factor of m and 12?
12
Let g(z) = -z**3 + 4*z**2 - 5*z + 2. Let x be (-6)/15 + (-17)/(-5). Let d be g(x). Let h be (d - 0 - -2) + 17. What is the greatest common factor of 75 and h?
15
Let a(u) = u**3 - 4*u**2 + u - 3. Let z be a(5). Suppose -4*m - 102 = 5*b, -55 - 51 = 4*m + 3*b. Let n = 46 + m. What is the greatest common factor of n and z?
9
Suppose 0 = -4*o + y - 5*y - 12, -y - 7 = -o. Let r = 2 + 2. Suppose -k = k - r. What is the greatest common factor of k and o?
2
Let q = -2 + 4. Suppose q*h - 3*p - 71 = 0, -5*h + 125 = -0*h + 3*p. Suppose 3 = -y + 10. What is the greatest common factor of h and y?
7
Suppose -c + 5 = -4*l + 5*l, 5*l = 5*c - 65. Let j(g) = g**3 - 4*g**2 + 4*g - 2. Let r be j(2). Let b = 7 - r. Calculate the greatest common factor of b and c.
9
Suppose 0 = -8*y + 4*y + 4*z + 28, 5*y - 15 = z. Suppose -o = -y*p + 13, 5*p + 8 = 4*o + 48. What is the greatest common divisor of p and 28?
4
Let m = 18 - 30. Let d = 68 - m. What is the greatest common factor of d and 10?
10
Suppose -4*m + 2*v + 380 = -2*v, 5*v = 3*m - 285. What is the highest common divisor of 19 and m?
19
Suppose w - 51 = 5*q, 0 = 3*q - 6 + 21. Let s be 271/7 - (-4)/14. What is the highest common factor of w and s?
13
Let m(u) = 9*u - 2. Let b be m(2). Let d = b - 10. Suppose -r = -d*r + z + 145, -2*z - 20 = -r. What is the greatest common factor of r and 15?
15
Suppose 0 = 4*n - 3*q - 8, 4*n - 5*q - 17 = n. Let t be -1 + n - (-11 - 1). Let s = -2 + t. Calculate the highest common divisor of 40 and s.
8
Let z be ((-10)/6)/((-2)/6). Let s(n) = n**2 - 10*n - 3. Let g be s(9). Let y = g - -13. What is the highest common factor of y and z?
1
Let g = 45 + -5. What is the highest common factor of 16 and g?
8
Suppose -3*b - 814 = 4*y, 5*b = 4*b + 5*y - 246. Let q = -899 + 1301. Let r = q + b. What is the greatest common divisor of r and 17?
17
Suppose 3*a - 46 = 53. Let f(l) = -2*l - 6. Let g be f(-4). Let z be 2 + 1 - (-2 + g). What is the greatest common divisor of z and a?
3
Suppose 0*o + 46 = o + t, -4*t + 52 = o. What is the greatest common factor of 4 and o?
4
Suppose 5*b - 15 = -0*b. What is the highest common divisor of 2 and b?
1
Suppose -2*i = -4*c + 996, -103 - 371 = -2*c - 5*i. Let r = c + -175. Calculate the greatest common divisor of 9 and r.
9
Let s(x) = -6*x - 4. Let g be s(-2). What is the greatest common factor of 12 and g?
4
Suppose 5*n = 9*n - 184. Let m be (3 + n/4)*2. What is the highest common factor of 232 and m?
29
Let o(p) = -10*p**3 + p**2 + 2*p + 1. Let z be o(-1). What is the highest common factor of 25 and z?
5
Let l = -6 - 11. Let n = l + 30. What is the greatest common factor of 91 and n?
13
Suppose -3*v = -v - 6. Calculate the greatest common factor of 9 and v.
3
Let h(m) = m**2 + 4*m + 6. Let i(c) = -5*c**2 + c + 2. Let u be i(-1). Let x be h(u). What is the highest common divisor of 42 and x?
6
Let o be (2 + (-3)/2)*(-5 + 37). Calculate the highest common divisor of o and 64.
16
Let k(g) = 2*g**2 - g - 1. Let y be k(-2). Let t(w) = w**2 + 5*w - 16. Let z be t(-9). Let u = z - y. What is the highest common factor of 33 and u?
11
Let n(d) = -d**2 + 7*d - 5. Let u be n(5). Suppose -5*l - 35 = u. Let o be (55/20)/((-1)/l). What is the greatest common factor of o and 2?
2
Suppose -5*s + 432 = -4*q, 2*s + 5*q - 3*q = 162. Calculate the greatest common divisor of s and 28.
28
Suppose -2 = 2*r, 4*v = 2*r + 2*r + 8. Suppose 2*z + 4 = 3*z. Calculate the greatest common factor of z and v.
1
Let z(d) = 47*d - 2. Let m be